l) = -9*l + 40*l - 7*l - 2. Let r be q(3). Calculate the greatest common factor of r and 14.
14
Suppose 0 = -5*n + 4*n + 254. Suppose -g + 238 = 2*v, -2*g = -2*v + g + n. Suppose 0*w = w - 11. What is the highest common divisor of w and v?
11
Let a be 2/(-10) + 4332/60. Let t = -10 - -18. What is the greatest common factor of a and t?
8
Let p(b) = -b**3 - 18*b**2 - 3*b - 34. Let a be p(-18). Calculate the highest common divisor of 10 and a.
10
Suppose 4*x - 7 = 17. What is the greatest common divisor of 24 and x?
6
Let f = -15 + 31. Let n = 787 - 395. Suppose x + 5*r = 100, r + r + n = 5*x. What is the highest common divisor of x and f?
16
Let k be 7*(-8)/(-84) - (-55)/3. What is the greatest common divisor of k and 209?
19
Suppose -14 + 4 = -5*x. Let d(u) = -u - 3. Let p be d(-7). Suppose p*h + h = 10. What is the highest common factor of x and h?
2
Let m(v) = v**3 - 7*v**2 + 9*v. Let k be m(6). What is the greatest common factor of k and 6?
6
Let b = -361 - -446. Let i = 22 + -5. Calculate the highest common divisor of b and i.
17
Let u(r) = r**2 - 4. Let a be u(-4). Suppose s = 2*s - a. Let x = 2 + 2. What is the highest common factor of s and x?
4
Let c be -2*5*(-4)/(12/3). Suppose 2*n - 306 = -4*p - 108, -4*p + 196 = 4*n. Calculate the greatest common divisor of c and p.
10
Suppose 0 = 9*t - 10*t + 67. Calculate the highest common factor of 67 and t.
67
Let a = 13 + -9. Let v be 584/16 - 2/a. What is the greatest common factor of 4 and v?
4
Let i = -7 + 6. Let k(p) = 64*p**2 + p + 1. Let q be k(i). What is the highest common divisor of q and 16?
16
Let q(z) = z**3 - 5*z**2 - 5*z - 2. Let g be q(6). Let k(u) = u**2 + 2*u - 5. Let r = 1 + -6. Let t be k(r). What is the highest common factor of t and g?
2
Suppose 5*z + 3 = -2*c, 3*z - 4*c - 11 = -2*c. Let m(g) = 4*g. Let t be m(z). Suppose 3*u - t = 5. Calculate the highest common factor of 2 and u.
1
Let c = -5 + 6. Suppose c = b - 0*b, -2*u = -3*b + 33. Let w be (-1)/(33/u - -2). Calculate the highest common divisor of w and 5.
5
Let l be 4 - (-4 + 8 + -2). Suppose 0*s - s + 45 = 0. Suppose -2*f = -i + 22, 4*f = -4*i + 19 + s. What is the highest common factor of i and l?
2
Let o be 1*-2 - 122/(-1). What is the highest common factor of 15 and o?
15
Let y(d) = -d**2 + 7*d - 8. Let l be y(6). Let u be ((-6)/9)/(l/(-6)). Let f be 69 + (u - (-6)/2). What is the greatest common divisor of f and 28?
14
Let p(i) = -i - 17. Let o(z) = 8. Let f be 2/2*(-1 + -2). Let m(h) = f*p(h) - 7*o(h). Let a be m(7). Calculate the highest common divisor of a and 80.
16
Suppose -2*w + 375 = w. Let u = -526 + 551. Calculate the highest common factor of w and u.
25
Let r be 20 - (0/3)/1. Calculate the highest common factor of 50 and r.
10
Let w(y) = -y**2 - 15*y + 21. Let k be w(-14). Suppose -6*u = -2*u - 20. What is the greatest common factor of k and u?
5
Suppose 67 + 17 = 3*q. What is the greatest common factor of 252 and q?
28
Suppose 24 = a + 3*a. Let b be 12/(-2*1/(-3)). Let i be b + a*(-2)/(-4). Calculate the greatest common divisor of 3 and i.
3
Let y be (0 + -1)/((-11)/(-330)). Let x = y - -60. Calculate the highest common factor of 10 and x.
10
Suppose 0 = -5*m - 5*z + 50, 5*m + 2 = 2*z + 38. Let j be 2/(-8) + (-10)/(-8). Calculate the greatest common factor of m and j.
1
Suppose -83 = -3*x - 4*v, x + 30 = 2*x - v. Let h = x - 4. Suppose -3*f - 2*f + h = 0. Calculate the greatest common divisor of 10 and f.
5
Let k(n) = 37*n + 3. Let c be k(6). Let x be (-246)/(-10) + 14/35. What is the greatest common divisor of x and c?
25
Let p(s) = s**2 - 3*s + 9. Let l be p(5). What is the greatest common divisor of l and 38?
19
Suppose -n + 13 = -j, 5*n - 7 - 8 = -5*j. Let f be (n/12)/(4/42). What is the highest common factor of f and 7?
7
Let w = 170 + -138. What is the greatest common divisor of w and 16?
16
Suppose 143 - 137 = 2*p. What is the greatest common factor of 12 and p?
3
Let l be 1*5*28/2. What is the highest common factor of l and 14?
14
Let q(a) = -a**3 + 6*a**2 + 2*a - 1. Let s = 1 - -5. Let h be q(s). What is the highest common factor of 11 and h?
11
Let u be (50 - 2)*(-4)/(-6). Calculate the highest common divisor of 8 and u.
8
Suppose 5 = 2*h - 13. Calculate the greatest common divisor of h and 15.
3
Let n = 35 + -25. What is the greatest common divisor of 90 and n?
10
Suppose -5*z - u - 14 = -6, 5 = -2*z - u. Let y be (179 - -4) + (-1)/z. Calculate the highest common divisor of y and 23.
23
Let r(w) = 5*w**2 - w - 1. Let y be r(-1). Let l = y + 1. Let p = -13 - -28. Calculate the greatest common divisor of p and l.
3
Let t = 71 - 31. Let g(s) = -s**3 - 2*s**2 + 1. Let r be g(-3). Calculate the highest common divisor of t and r.
10
Let j(r) = r**3 - 2*r**2 + r - 1. Let c be j(3). Let s = c + -6. What is the greatest common divisor of 45 and s?
5
Let t(n) = -n**2 + 37*n - 39. Let c be t(20). What is the greatest common factor of c and 43?
43
Suppose q - 3*q - 16 = 0. Let i(d) = -d**2 - 7*d - 4. Let n be i(q). Let l be n*-2*(-10)/(-6). What is the highest common factor of 8 and l?
8
Let g be 6/45*10*105. Calculate the highest common factor of g and 20.
20
Suppose -4*s - b = -45 - 33, -b = -2*s + 42. Suppose 50 + 0 = r. What is the highest common factor of r and s?
10
Let t(w) = w**2 + 10*w + 11. Let j be t(-9). Suppose -2*n = -3*i - 186, -2*i = -2*n + j*i + 188. What is the highest common factor of n and 10?
10
Let q be 2/((-4)/(-6)) - 2. Let m(u) = 10*u**2 - 3*u - 3. Let f be m(-1). What is the greatest common divisor of f and q?
1
Let i = -86 - -165. Suppose -2*t = -w + 3*t + 4, i = 4*w + t. What is the greatest common divisor of 38 and w?
19
Suppose -4*a + 5*k = -54, -4*a + 2*k = -46 - 2. What is the highest common factor of 22 and a?
11
Let q(a) = -a**2 - 2*a + 88. Let i be q(0). What is the highest common factor of 11 and i?
11
Let n be 10/4*6/5. Suppose 0 = n*l - 5*j - 58, 4*j = 5*l - j - 80. Calculate the highest common factor of 99 and l.
11
Let d(h) = -h + 3. Let m be d(3). Suppose m = 2*g + 10 - 34. Let s be 482/5 - 6/15. Calculate the greatest common factor of g and s.
12
Suppose 4*p - 2*p - 126 = 0. Suppose -a + 7 = -p. Calculate the greatest common factor of a and 7.
7
Suppose 0*a = a - 3, 2*x - 5*a - 29 = 0. What is the greatest common divisor of 33 and x?
11
Let o(q) = 3*q**3 + 2*q**2 + 3*q - 4. Suppose -g + 12 = 3*g. Let x be o(g). Calculate the greatest common factor of 13 and x.
13
Suppose 0 = -5*g + 19 + 11. Let u be 18/(-4)*(-4)/g. Calculate the greatest common factor of 2 and u.
1
Let g be (-1932)/(-9) - (-4)/(-6). Let m = g - 61. Suppose -17 - 68 = -5*x. What is the highest common factor of m and x?
17
Suppose 2*t + s = 5*t - 27, -4*t - s + 36 = 0. Let b = t - -10. Calculate the highest common factor of b and 171.
19
Let v(i) be the first derivative of -i**2/2 + 162*i - 2. Let s be v(0). Calculate the greatest common divisor of s and 18.
18
Let d(q) = -q**2 + 5*q + 2. Let x be d(5). Suppose -9 = x*i - 3*i. What is the greatest common divisor of i and 18?
9
Suppose -5*p = 5*d - 1000, -3*d = -2*p + d + 400. Suppose 0 = -2*q + 20 + p. What is the highest common factor of 10 and q?
10
Let y = -6 - -4. Let c be 24 - ((y - 0) + 2). Let b(m) = -m**3 + 6*m**2 - m - 4. Let x be b(4). What is the greatest common factor of c and x?
24
Let h be (-1)/(6/4)*-21. Suppose 4*n - 70 = 2*n. What is the greatest common factor of h and n?
7
Let v = -8 + 358. Calculate the greatest common divisor of v and 35.
35
Suppose 7*i - 4*i - 27 = 0. Suppose 4*n = 2*d + 40, 0*n + 5*n - 35 = -5*d. What is the greatest common divisor of i and n?
9
Let c = 22 - 25. Let y(p) = -5*p - 1. Let t be y(c). Calculate the highest common divisor of t and 42.
14
Let r(k) = -k**3 + 6*k**2 + 9*k - 9. Let h be r(7). Suppose -5*i + 373 = h*a - 2*i, 0 = -3*a - i + 227. Calculate the greatest common divisor of 11 and a.
11
Let s = -3 + 6. Suppose -s*c + 5*c - 78 = 0. Suppose -2*o + c = o. Calculate the greatest common factor of o and 143.
13
Let a be (-1756)/(-36) + (-10)/(-45). Calculate the greatest common factor of a and 7.
7
Let r(t) = -t + 66. Let s be r(0). Suppose -3*c = -5*g + 5, 5*c - 4*c + 13 = -4*g. Let i = g - -8. What is the greatest common divisor of i and s?
6
Let y be (-14)/(-4)*(-3 + 5). What is the great